. Suppose a*o = 5*o - 75. List the prime factors of o.
5
Suppose 0*r = -r - 3. List the prime factors of 0 - (1 + -24 - r).
2, 5
Let r(l) = 3*l**2 + 6*l - 2. List the prime factors of r(-6).
2, 5, 7
Let a(f) = 7*f**2. Let s be a(1). Suppose -m + 24 - s = 0. What are the prime factors of m?
17
Suppose -q - 80 = -6*q. What are the prime factors of q?
2
Let r(h) = -7*h**3 - 3*h**2 - 3*h. List the prime factors of r(-3).
3, 19
Suppose -6*b + 102 = -0*b. List the prime factors of b.
17
Suppose 0 = -p - 4*m + 39 + 43, 286 = 4*p - 5*m. What are the prime factors of p?
2, 37
Suppose -2*r + 4 = -4. Suppose 33 = s - 5*a - 11, 3*a = -r*s + 84. Suppose -2*v + 4*v - s = 0. What are the prime factors of v?
2, 3
Let k(i) = -i**3 + 8*i**2 - 6*i - 4. Suppose -h + 0 + 7 = 0. What are the prime factors of k(h)?
3
Let r(t) = 28*t + 46. What are the prime factors of r(10)?
2, 163
Let d(j) = -3 - j + 2 + 0 - 3. Let s be d(-6). Suppose -t = 5*h - 86, 0*t - s*t = -3*h + 49. List the prime factors of h.
17
Suppose -5*v - 9 = -2*v. Let y be (30/(-9) - -2)*v. Suppose h - 3*h = -y. What are the prime factors of h?
2
Let c(n) = 1 - 3 - n + 8. Let j be c(3). Let i = 10 - j. List the prime factors of i.
7
Let d(r) = 4*r - 2. Let v(b) be the first derivative of b**2 - 4*b + 3. Let t be v(3). List the prime factors of d(t).
2, 3
Suppose 148 = -8*f + 2644. What are the prime factors of f?
2, 3, 13
List the prime factors of -7*(-3 - -4 - 2).
7
Suppose -3*q = -5*o + 1147, o - 22 = q + 207. List the prime factors of o.
2, 5, 23
Suppose 3*q - q - 22 = 0. Let g = 23 - q. Suppose -g = -5*f + 3*f. What are the prime factors of f?
2, 3
List the prime factors of -74*(1 - 15/6).
3, 37
Let r(w) = -24*w - 42. What are the prime factors of r(-4)?
2, 3
Let c(o) = -24*o**3 + 2*o + 1. What are the prime factors of c(-1)?
23
Let h = 172 + -33. Suppose 4*b = 21 + h. Let n = -29 + b. What are the prime factors of n?
11
Suppose 0 = -2*o + 3*u + 66, o + 4*u - 80 = -o. List the prime factors of o.
2, 3
Let k(d) = -3 - 4*d + 2*d - 3*d**2 + 5*d**2. Let x(i) = 5*i - 2. Let o be x(1). What are the prime factors of k(o)?
3
Suppose 4*d - 3*d = 37. What are the prime factors of d?
37
What are the prime factors of (-2)/7 + 758/7?
2, 3
Let o(t) = 29*t**2 + t. List the prime factors of o(-1).
2, 7
Suppose i - q = 10, q + 4*q = -5*i + 60. Let x = -8 + i. What are the prime factors of x?
3
Let p = 2 - 0. Let h(l) = l**2 - 3*l + 3. Let z be h(p). What are the prime factors of z/(-4)*-2*18?
3
Suppose -3*q + 26 = -u, 6*q - 12 = 4*q - 2*u. List the prime factors of q.
2
Let k = 67 - 40. List the prime factors of k.
3
What are the prime factors of (-2 - 2 - -10)*28?
2, 3, 7
Let r(o) = -3 - 2 + 2*o + 5. List the prime factors of r(1).
2
Let k be 1/((3/(-1))/(-231)). Suppose -32 + k = 3*d. What are the prime factors of d + (-1 - -3) + 1?
2, 3
List the prime factors of 28*((-130)/(-40) - (0 + -2)).
3, 7
Let u(f) = f - 7. Let i be u(4). Let y be i/((-5)/(100/(-6))). What are the prime factors of ((-8)/y)/(2/5)?
2
Let v(t) = -6*t - 2. Let w be v(-9). Suppose 10 = o + 2*f, 0*f = -4*o + 4*f + w. List the prime factors of o.
2, 3
Suppose -4*z - 36 = -6*z. Suppose -5 = -x + z. List the prime factors of x.
23
Let y be -6*1/(9/(-6)). Let n = -5 + y. What are the prime factors of 0 + (-2)/n - -1?
3
Let j(h) = -h. Let u be j(-4). Suppose -f = 3*f - u*r, -4*f - 4*r = -16. List the prime factors of f.
2
Suppose i = 15 + 3. Let l be 68/i + (-4)/(-18). What are the prime factors of -3*(0 - l/6)?
2
List the prime factors of 8*(125/10 + -4).
2, 17
List the prime factors of ((-4)/6)/((-2)/849).
283
Let r = -5 - -30. Let h = r + -18. What are the prime factors of h?
7
Suppose -3*c = 25 - 1. Let y = c - -24. List the prime factors of y.
2
Let k(y) = 9*y**2 - 3*y + 1. List the prime factors of k(2).
31
Let f(v) = -v**3 - 4*v**2 - 3*v - 1. Let s be f(-3). Let d = -3 - s. List the prime factors of ((-8)/(-3))/(d/(-6)).
2
Let j(w) = -w**3 + 7*w**2 + 11*w - 13. List the prime factors of j(6).
89
Suppose 0*x + 3*x + 6 = 0. Let c be 2/x*1*-4. Suppose -4*y - 2*j = -0*y - 14, 0 = -c*j + 12. List the prime factors of y.
2
Let i be (5/10)/((-2)/(-16)). Suppose 2 + i = 2*x. Suppose -x*w - 6 = -24. What are the prime factors of w?
2, 3
Let n(v) = 4*v**2 + 16*v + 61. What are the prime factors of n(-7)?
5, 29
What are the prime factors of ((-124)/(-12) + -4)*1*3?
19
Suppose 764 = 3*q - 5*s - 1, -2*q = -3*s - 510. What are the prime factors of q?
3, 5, 17
Suppose 45 = 5*b - 10. What are the prime factors of b?
11
Let o(t) = t**2 + t + 1. Let v(b) = -12*b**2 - 18*b - 12. Let i(x) = 15*o(x) + v(x). Let q be i(2). Let r = q + -4. List the prime factors of r.
5
Suppose 5 - 80 = 5*o. Let z = o + 26. List the prime factors of z.
11
Suppose -4*z + 3*z - 2 = 0. Let t = z + 5. Suppose -t*v - 60 = -7*v. What are the prime factors of v?
3, 5
Suppose -h + 4*y - 58 = h, 5*h + 4*y = -159. Let d = 0 - h. What are the prime factors of d?
31
Let y = -7 - -40. What are the prime factors of y?
3, 11
List the prime factors of ((-16)/4)/((-4)/34).
2, 17
Suppose 30 = 2*w + 3*w. Let a be (20/w)/((-8)/(-36)). Suppose 2*o - a = -3*o. List the prime factors of o.
3
Suppose -4*a + 2*r + 178 = 0, 4*r = 3*a - a - 74. List the prime factors of a.
47
Let r(t) be the first derivative of -3*t**2/2 - 4*t - 3. What are the prime factors of r(-8)?
2, 5
Let r = -98 - -305. What are the prime factors of r?
3, 23
Let r(u) = -u**2 + 11*u + 8. Let t be r(8). Suppose -t + 24 = -a. What are the prime factors of a?
2
Let i be -3 - -2 - (-9)/3. Suppose 4*c = 2*r + i*r - 96, 56 = 3*r + c. What are the prime factors of r/(0 - 4/(-2))?
2, 5
Let c(d) = -d + 7. Let v be c(0). Suppose 2*x - 14 = -3*y, y = -5*x + 15 + v. What are the prime factors of x?
2
Let y(o) = 18*o - 1. List the prime factors of y(2).
5, 7
Let h(z) be the third derivative of z**5/60 - z**4/12 + z**3/2 - 6*z**2. List the prime factors of h(2).
3
Let u = 60 - 34. List the prime factors of u.
2, 13
Let q = 7 - 12. Let l = q - -15. What are the prime factors of l?
2, 5
Let v(m) = -m**2 - 19*m - 2. List the prime factors of v(-14).
2, 17
Let w be 2/((-8)/(-9))*-4. Let l(d) = -d**3 - 9*d**2 + d + 12. List the prime factors of l(w).
3
Let v(r) = -r**2 - 5*r - 3. Let b be v(-4). Let a(u) = 7*u**2 + u - 1. What are the prime factors of a(b)?
7
Suppose -5*a - 14 = -3*j - 4*a, 2*j + 4*a = 0. Suppose 2*v + 96 = j*q, 2*q + 4*v = -3*q + 133. What are the prime factors of q?
5
Let d(a) = -a**3 + 9*a**2 + 11*a - 8. Let s be d(10). Suppose u = -s*u + 6. Suppose 2*j = -3*j + 5*m + 35, 4*m - 32 = -u*j. List the prime factors of j.
2, 5
Suppose 5*d + v - 32 = 0, -2*d + 5*d - 22 = -2*v. Suppose -3*g + 3*y = -d, -2*g = y - 6*y - 1. List the prime factors of g.
3
Suppose -4*t + 656 = -d, -8*t - d = -3*t - 829. List the prime factors of t.
3, 5, 11
Let o(g) be the third derivative of 17*g**4/24 - g**3/3 - 6*g**2. What are the prime factors of o(2)?
2
Let w(n) = n**3 - 7*n**2 - 3. Let a be w(7). Let g = a - -23. List the prime factors of g.
2, 5
Let m be 2*(-2)/(-4)*39. Suppose -3*l + m = -2*l. Let a = l + -27. List the prime factors of a.
2, 3
Let z = -23 - -32. Let d be 10/4 + (-3)/6. Suppose -j - z = -d*j. List the prime factors of j.
3
Let v(x) = x + 6. Let y be 5 + -2 - 18/2. Let p be v(y). Suppose 3*f - 15 + p = 0. What are the prime factors of f?
5
Let v(q) = -q**2 + q - 7. Let z be v(0). Let g(b) = 4*b + 5. Let x be g(z). Let f = -15 - x. What are the prime factors of f?
2
Suppose 16 + 4 = 2*p. What are the prime factors of p?
2, 5
What are the prime factors of (5/(-2))/((-1)/14)?
5, 7
List the prime factors of 2 - 6 - -2 - -38.
2, 3
Let m(u) = 2*u**2 - 4*u + 2. Suppose 0*b + 2*b + 14 = 0. Let r = b - -10. What are the prime factors of m(r)?
2
Let k(b) = 48*b**2 + b + 1. List the prime factors of k(-1).
2, 3
Suppose -2*j + 5*j + 24 = -5*g, -4*g = 4*j + 24. What are the prime factors of g - (-2)/((-2)/(-25))?
2, 11
Let y(q) = -q**3 + 14*q**2 - 17*q - 11. What are the prime factors of y(9)?
241
Let l(d) = 36*d - 1. Let x be l(1). Suppose 0 = 4*b + 5*t - 28, 4*t + 15 = -2*b + x. List the prime factors of b.
2
Let y = 353 - 154. What are the prime factors of y?
199
Let w(h) = -h - 5. Let k be w(-6). Let f = 4 + k. Suppose -f*n = -n - 28. List th